{"id":1405,"date":"2024-12-07T22:31:33","date_gmt":"2024-12-07T22:31:33","guid":{"rendered":"https:\/\/karate.at\/meisterschaften\/?page_id=1405"},"modified":"2025-02-09T15:54:10","modified_gmt":"2025-02-09T15:54:10","slug":"em2025","status":"publish","type":"page","link":"https:\/\/karate.at\/meisterschaften\/em2025\/","title":{"rendered":"EM2025"},"content":{"rendered":"\t\t<div data-elementor-type=\"wp-page\" data-elementor-id=\"1405\" class=\"elementor elementor-1405\" data-elementor-post-type=\"page\">\n\t\t\t\t\t\t<section class=\"elementor-section elementor-top-section elementor-element elementor-element-3b0716dd elementor-section-content-middle elementor-section-full_width elementor-section-height-default elementor-section-height-default\" data-id=\"3b0716dd\" data-element_type=\"section\" data-settings=\"{&quot;background_background&quot;:&quot;classic&quot;}\">\n\t\t\t\t\t\t<div class=\"elementor-container elementor-column-gap-no\">\n\t\t\t\t\t<div class=\"elementor-column elementor-col-50 elementor-top-column elementor-element elementor-element-312d5ce9\" data-id=\"312d5ce9\" data-element_type=\"column\">\n\t\t\t<div class=\"elementor-widget-wrap elementor-element-populated\">\n\t\t\t\t\t\t<div class=\"elementor-element elementor-element-330f5c1e elementor-widget elementor-widget-heading\" data-id=\"330f5c1e\" data-element_type=\"widget\" data-widget_type=\"heading.default\">\n\t\t\t\t<div class=\"elementor-widget-container\">\n\t\t\t<h1 class=\"elementor-heading-title elementor-size-default\">16. SHOTOKAN KARATE-DO INTERNATIONAL EUROPEAN FEDERATION (SKIEF)<\/h1>\t\t<\/div>\n\t\t\t\t<\/div>\n\t\t\t\t<div class=\"elementor-element elementor-element-82d2d47 elementor-widget elementor-widget-heading\" data-id=\"82d2d47\" data-element_type=\"widget\" data-widget_type=\"heading.default\">\n\t\t\t\t<div class=\"elementor-widget-container\">\n\t\t\t<h1 class=\"elementor-heading-title elementor-size-default\">Europa&shy;meister&shy;schaften auf Kreta, Griechenland\n(22.-27.04.2025)<\/h1>\t\t<\/div>\n\t\t\t\t<\/div>\n\t\t\t\t<div class=\"elementor-element elementor-element-3ca3a34f elementor-widget elementor-widget-text-editor\" data-id=\"3ca3a34f\" data-element_type=\"widget\" data-widget_type=\"text-editor.default\">\n\t\t\t\t<div class=\"elementor-widget-container\">\n\t\t\t\t\t\t\t<p>Der Verband f\u00fcr traditionelles Shotokan Karatedo, die Shotokan Karatedo International Austrian Federation (SKIAF), entsendet 2025 das \u00f6sterreichische Nationalteam auf die griechische Insel Kreta. Dieses wird \u00d6sterreich bei den <a href=\"https:\/\/skif2025-hellas.com\">XVI. SKIF European Championships<\/a> in Heraklion (Kreta, Griechenland) vertreten.<\/p><p>Auf dieser Seite findet ihr alle Infos rund um die EM 2025, die Teammitglieder und die Sponsoring-M\u00f6glichkeiten. Tagesaktuelle Infos und Updates \u00fcber das \u00d6sterreichische Nationalteam findet ihr auf unserer <a href=\"https:\/\/karate.at\/meisterschaften\/em2025\/news\/\">News-Seite<\/a>.\u00a0<\/p>\t\t\t\t\t\t<\/div>\n\t\t\t\t<\/div>\n\t\t\t\t\t<\/div>\n\t\t<\/div>\n\t\t\t\t<div class=\"elementor-column elementor-col-50 elementor-top-column elementor-element elementor-element-7075c68f\" data-id=\"7075c68f\" data-element_type=\"column\">\n\t\t\t<div class=\"elementor-widget-wrap elementor-element-populated\">\n\t\t\t\t\t\t<div class=\"elementor-element elementor-element-2b5e5c98 elementor-widget elementor-widget-image\" data-id=\"2b5e5c98\" data-element_type=\"widget\" data-widget_type=\"image.default\">\n\t\t\t\t<div class=\"elementor-widget-container\">\n\t\t\t\t\t\t\t\t\t\t\t\t\t<img fetchpriority=\"high\" decoding=\"async\" width=\"1920\" height=\"1280\" src=\"https:\/\/karate.at\/meisterschaften\/wp-content\/uploads\/2025\/02\/DSC2261.jpg\" class=\"attachment-full size-full wp-image-1945\" alt=\"\" srcset=\"https:\/\/karate.at\/meisterschaften\/wp-content\/uploads\/2025\/02\/DSC2261.jpg 1920w, https:\/\/karate.at\/meisterschaften\/wp-content\/uploads\/2025\/02\/DSC2261-300x200.jpg 300w, https:\/\/karate.at\/meisterschaften\/wp-content\/uploads\/2025\/02\/DSC2261-1024x683.jpg 1024w, https:\/\/karate.at\/meisterschaften\/wp-content\/uploads\/2025\/02\/DSC2261-768x512.jpg 768w, https:\/\/karate.at\/meisterschaften\/wp-content\/uploads\/2025\/02\/DSC2261-1536x1024.jpg 1536w\" sizes=\"(max-width: 1920px) 100vw, 1920px\" \/>\t\t\t\t\t\t\t\t\t\t\t\t\t<\/div>\n\t\t\t\t<\/div>\n\t\t\t\t\t<\/div>\n\t\t<\/div>\n\t\t\t\t\t<\/div>\n\t\t<\/section>\n\t\t\t\t<\/div>\n\t\t","protected":false},"excerpt":{"rendered":"<p>16. SHOTOKAN KARATE-DO INTERNATIONAL EUROPEAN FEDERATION (SKIEF) Europa&shy;meister&shy;schaften auf Kreta, Griechenland (22.-27.04.2025) Der Verband f\u00fcr traditionelles Shotokan Karatedo, die Shotokan Karatedo International Austrian Federation (SKIAF), entsendet 2025 das \u00f6sterreichische Nationalteam auf die griechische Insel Kreta. Dieses wird \u00d6sterreich bei den XVI. SKIF European Championships in Heraklion (Kreta, Griechenland) vertreten. Auf dieser Seite findet ihr alle [&hellip;]<\/p>\n","protected":false},"author":1,"featured_media":0,"parent":0,"menu_order":0,"comment_status":"closed","ping_status":"closed","template":"","meta":{"footnotes":""},"class_list":["post-1405","page","type-page","status-publish","hentry"],"_links":{"self":[{"href":"https:\/\/karate.at\/meisterschaften\/wp-json\/wp\/v2\/pages\/1405","targetHints":{"allow":["GET"]}}],"collection":[{"href":"https:\/\/karate.at\/meisterschaften\/wp-json\/wp\/v2\/pages"}],"about":[{"href":"https:\/\/karate.at\/meisterschaften\/wp-json\/wp\/v2\/types\/page"}],"author":[{"embeddable":true,"href":"https:\/\/karate.at\/meisterschaften\/wp-json\/wp\/v2\/users\/1"}],"replies":[{"embeddable":true,"href":"https:\/\/karate.at\/meisterschaften\/wp-json\/wp\/v2\/comments?post=1405"}],"version-history":[{"count":28,"href":"https:\/\/karate.at\/meisterschaften\/wp-json\/wp\/v2\/pages\/1405\/revisions"}],"predecessor-version":[{"id":1949,"href":"https:\/\/karate.at\/meisterschaften\/wp-json\/wp\/v2\/pages\/1405\/revisions\/1949"}],"wp:attachment":[{"href":"https:\/\/karate.at\/meisterschaften\/wp-json\/wp\/v2\/media?parent=1405"}],"curies":[{"name":"wp","href":"https:\/\/api.w.org\/{rel}","templated":true}]}}