{"id":1588,"date":"2024-12-20T22:45:54","date_gmt":"2024-12-20T22:45:54","guid":{"rendered":"https:\/\/karate.at\/meisterschaften\/?page_id=1588"},"modified":"2025-01-01T18:00:54","modified_gmt":"2025-01-01T18:00:54","slug":"der-austragungsort","status":"publish","type":"page","link":"https:\/\/karate.at\/meisterschaften\/em2025\/der-austragungsort\/","title":{"rendered":"Der Austragungsort"},"content":{"rendered":"\t\t<div data-elementor-type=\"wp-page\" data-elementor-id=\"1588\" class=\"elementor elementor-1588\" data-elementor-post-type=\"page\">\n\t\t\t\t\t\t<section class=\"elementor-section elementor-top-section elementor-element elementor-element-2514c2f elementor-section-boxed elementor-section-height-default elementor-section-height-default\" data-id=\"2514c2f\" data-element_type=\"section\">\n\t\t\t\t\t\t<div class=\"elementor-container elementor-column-gap-default\">\n\t\t\t\t\t<div class=\"elementor-column elementor-col-100 elementor-top-column elementor-element elementor-element-4cad897\" data-id=\"4cad897\" data-element_type=\"column\">\n\t\t\t<div class=\"elementor-widget-wrap elementor-element-populated\">\n\t\t\t\t\t\t<div class=\"elementor-element elementor-element-5ce8c22 elementor-widget-divider--view-line elementor-widget elementor-widget-divider\" data-id=\"5ce8c22\" data-element_type=\"widget\" data-widget_type=\"divider.default\">\n\t\t\t\t<div class=\"elementor-widget-container\">\n\t\t\t\t\t<div class=\"elementor-divider\">\n\t\t\t<span class=\"elementor-divider-separator\">\n\t\t\t\t\t\t<\/span>\n\t\t<\/div>\n\t\t\t\t<\/div>\n\t\t\t\t<\/div>\n\t\t\t\t\t<\/div>\n\t\t<\/div>\n\t\t\t\t\t<\/div>\n\t\t<\/section>\n\t\t\t\t<section class=\"elementor-section elementor-top-section elementor-element elementor-element-1c0aedb elementor-section-boxed elementor-section-height-default elementor-section-height-default\" data-id=\"1c0aedb\" data-element_type=\"section\">\n\t\t\t\t\t\t<div class=\"elementor-container elementor-column-gap-default\">\n\t\t\t\t\t\t<\/div>\n\t\t<\/section>\n\t\t\t\t<section class=\"elementor-section elementor-top-section elementor-element elementor-element-8db8938 elementor-section-boxed elementor-section-height-default elementor-section-height-default\" data-id=\"8db8938\" data-element_type=\"section\">\n\t\t\t\t\t\t<div class=\"elementor-container elementor-column-gap-default\">\n\t\t\t\t\t<div class=\"elementor-column elementor-col-100 elementor-top-column elementor-element elementor-element-c6f9eba\" data-id=\"c6f9eba\" data-element_type=\"column\">\n\t\t\t<div class=\"elementor-widget-wrap elementor-element-populated\">\n\t\t\t\t\t\t<div class=\"elementor-element elementor-element-072964a elementor-widget elementor-widget-spacer\" data-id=\"072964a\" data-element_type=\"widget\" data-widget_type=\"spacer.default\">\n\t\t\t\t<div class=\"elementor-widget-container\">\n\t\t\t\t\t<div class=\"elementor-spacer\">\n\t\t\t<div class=\"elementor-spacer-inner\"><\/div>\n\t\t<\/div>\n\t\t\t\t<\/div>\n\t\t\t\t<\/div>\n\t\t\t\t\t<\/div>\n\t\t<\/div>\n\t\t\t\t\t<\/div>\n\t\t<\/section>\n\t\t\t\t<section class=\"elementor-section elementor-top-section elementor-element elementor-element-d8c71ff elementor-section-boxed elementor-section-height-default elementor-section-height-default\" data-id=\"d8c71ff\" data-element_type=\"section\">\n\t\t\t\t\t\t<div class=\"elementor-container elementor-column-gap-default\">\n\t\t\t\t\t<div class=\"elementor-column elementor-col-50 elementor-top-column elementor-element elementor-element-0e22938\" data-id=\"0e22938\" data-element_type=\"column\">\n\t\t\t<div class=\"elementor-widget-wrap elementor-element-populated\">\n\t\t\t\t\t\t<div class=\"elementor-element elementor-element-31f5385 elementor-widget elementor-widget-heading\" data-id=\"31f5385\" data-element_type=\"widget\" data-widget_type=\"heading.default\">\n\t\t\t\t<div class=\"elementor-widget-container\">\n\t\t\t<h3 class=\"elementor-heading-title elementor-size-default\">Heraklion, Kreta, Griechenland<\/h3>\t\t<\/div>\n\t\t\t\t<\/div>\n\t\t\t\t<div class=\"elementor-element elementor-element-7f561d5 elementor-widget elementor-widget-text-editor\" data-id=\"7f561d5\" data-element_type=\"widget\" data-widget_type=\"text-editor.default\">\n\t\t\t\t<div class=\"elementor-widget-container\">\n\t\t\t\t\t\t\t<p>Die heurigen 16. SKIEF Europameisterschaften werden im griechischen Heraklion (Kreta) ausgetragen. Den Link zur offiziellen Website der Veranstaltung findet ihr <a style=\"color: #d50000;\" href=\"https:\/\/skif2025-hellas.com\/\">hier<\/a>. Die wichtigsten Infos sind ebenso auf\u00a0<a href=\"http:\/\/www.karate.at\/wm2023\">www.karate.at\/em2025<\/a>\u00a0zusammengefasst.\u00a0<\/p><p>Heraklion (seitens der Stadt selbst verwendeter Schreibung) oder Iraklio ist die gr\u00f6\u00dfte Stadt der s\u00fcdgriechischen Insel Kreta und der Sitz der Verwaltungsregion Kreta. Der Name leitet sich etymologisch ab vom Namen des Heros Herakles. Sie ist die mit offiziell 179.302 Einwohnern (Stand 2021) die viertgr\u00f6\u00dfte Stadt Griechenlands und die gr\u00f6\u00dfte nicht auf dem Festland gelegene Stadt des Landes. Da Kreta nicht nur Austragungsort der diesj\u00e4hrigen SKIEF Europameisterschaften ist, sondern auch zwischen April und Oktober ein hochfrequentiertes Touristenziel, bietet die Stadt eine top<span style=\"font-size: 1rem;\">\u00a0 Gelegenheit f\u00fcr \u00f6sterreichische Zuseher SKIEF Europameisterschaften einmal live mitzuerleben.<\/span><\/p><p><span style=\"font-size: 1rem;\"><strong>Quelle:<\/strong> <a href=\"https:\/\/de.wikipedia.org\/wiki\/Iraklio\">Wikipedia<\/a><\/span><\/p>\t\t\t\t\t\t<\/div>\n\t\t\t\t<\/div>\n\t\t\t\t\t<\/div>\n\t\t<\/div>\n\t\t\t\t<div class=\"elementor-column elementor-col-50 elementor-top-column elementor-element elementor-element-0a47888\" data-id=\"0a47888\" data-element_type=\"column\">\n\t\t\t<div class=\"elementor-widget-wrap elementor-element-populated\">\n\t\t\t\t\t\t<div class=\"elementor-element elementor-element-4cf142e elementor-widget elementor-widget-image\" data-id=\"4cf142e\" data-element_type=\"widget\" data-widget_type=\"image.default\">\n\t\t\t\t<div class=\"elementor-widget-container\">\n\t\t\t\t\t\t\t\t\t\t<figure class=\"wp-caption\">\n\t\t\t\t\t\t\t\t\t\t\t<a href=\"https:\/\/maps.app.goo.gl\/NGrV45tCfbfANSvi6%20\" target=\"_blank\">\n\t\t\t\t\t\t\t<img fetchpriority=\"high\" decoding=\"async\" width=\"540\" height=\"473\" src=\"https:\/\/karate.at\/meisterschaften\/wp-content\/uploads\/2024\/12\/EM2025-Kreta.png\" class=\"attachment-large size-large wp-image-1645\" alt=\"\" srcset=\"https:\/\/karate.at\/meisterschaften\/wp-content\/uploads\/2024\/12\/EM2025-Kreta.png 540w, https:\/\/karate.at\/meisterschaften\/wp-content\/uploads\/2024\/12\/EM2025-Kreta-300x263.png 300w\" sizes=\"(max-width: 540px) 100vw, 540px\" \/>\t\t\t\t\t\t\t\t<\/a>\n\t\t\t\t\t\t\t\t\t\t\t<figcaption class=\"widget-image-caption wp-caption-text\"><a href=\"https:\/\/maps.app.goo.gl\/NGrV45tCfbfANSvi6\">Google Maps<\/a><\/figcaption>\n\t\t\t\t\t\t\t\t\t\t<\/figure>\n\t\t\t\t\t\t\t<\/div>\n\t\t\t\t<\/div>\n\t\t\t\t\t<\/div>\n\t\t<\/div>\n\t\t\t\t\t<\/div>\n\t\t<\/section>\n\t\t\t\t<section class=\"elementor-section elementor-top-section elementor-element elementor-element-b66702f elementor-section-boxed elementor-section-height-default elementor-section-height-default\" data-id=\"b66702f\" data-element_type=\"section\">\n\t\t\t\t\t\t<div class=\"elementor-container elementor-column-gap-default\">\n\t\t\t\t\t<div class=\"elementor-column elementor-col-100 elementor-top-column elementor-element elementor-element-dd001ff\" data-id=\"dd001ff\" data-element_type=\"column\">\n\t\t\t<div class=\"elementor-widget-wrap elementor-element-populated\">\n\t\t\t\t\t\t<div class=\"elementor-element elementor-element-33ec51e elementor-widget-divider--view-line elementor-widget elementor-widget-divider\" data-id=\"33ec51e\" data-element_type=\"widget\" data-widget_type=\"divider.default\">\n\t\t\t\t<div class=\"elementor-widget-container\">\n\t\t\t\t\t<div class=\"elementor-divider\">\n\t\t\t<span class=\"elementor-divider-separator\">\n\t\t\t\t\t\t<\/span>\n\t\t<\/div>\n\t\t\t\t<\/div>\n\t\t\t\t<\/div>\n\t\t\t\t\t<\/div>\n\t\t<\/div>\n\t\t\t\t\t<\/div>\n\t\t<\/section>\n\t\t\t\t<section class=\"elementor-section elementor-top-section elementor-element elementor-element-7648824 elementor-section-boxed elementor-section-height-default elementor-section-height-default\" data-id=\"7648824\" data-element_type=\"section\">\n\t\t\t\t\t\t<div class=\"elementor-container elementor-column-gap-default\">\n\t\t\t\t\t<div class=\"elementor-column elementor-col-100 elementor-top-column elementor-element elementor-element-4028d6d\" data-id=\"4028d6d\" data-element_type=\"column\">\n\t\t\t<div class=\"elementor-widget-wrap elementor-element-populated\">\n\t\t\t\t\t\t<div class=\"elementor-element elementor-element-4f380ff elementor-widget elementor-widget-spacer\" data-id=\"4f380ff\" data-element_type=\"widget\" data-widget_type=\"spacer.default\">\n\t\t\t\t<div class=\"elementor-widget-container\">\n\t\t\t\t\t<div class=\"elementor-spacer\">\n\t\t\t<div class=\"elementor-spacer-inner\"><\/div>\n\t\t<\/div>\n\t\t\t\t<\/div>\n\t\t\t\t<\/div>\n\t\t\t\t\t<\/div>\n\t\t<\/div>\n\t\t\t\t\t<\/div>\n\t\t<\/section>\n\t\t\t\t<section class=\"elementor-section elementor-top-section elementor-element elementor-element-c15f521 elementor-section-boxed elementor-section-height-default elementor-section-height-default\" data-id=\"c15f521\" data-element_type=\"section\">\n\t\t\t\t\t\t<div class=\"elementor-container elementor-column-gap-default\">\n\t\t\t\t\t<div class=\"elementor-column elementor-col-50 elementor-top-column elementor-element elementor-element-798fa83\" data-id=\"798fa83\" data-element_type=\"column\">\n\t\t\t<div class=\"elementor-widget-wrap elementor-element-populated\">\n\t\t\t\t\t\t<div class=\"elementor-element elementor-element-cbd73d7 elementor-widget elementor-widget-heading\" data-id=\"cbd73d7\" data-element_type=\"widget\" data-widget_type=\"heading.default\">\n\t\t\t\t<div class=\"elementor-widget-container\">\n\t\t\t<h3 class=\"elementor-heading-title elementor-size-default\">Heraklion Indoor Sports Arena, Dyo Aorakia<\/h3>\t\t<\/div>\n\t\t\t\t<\/div>\n\t\t\t\t<div class=\"elementor-element elementor-element-b3d4a52 elementor-widget elementor-widget-text-editor\" data-id=\"b3d4a52\" data-element_type=\"widget\" data-widget_type=\"text-editor.default\">\n\t\t\t\t<div class=\"elementor-widget-container\">\n\t\t\t\t\t\t\t<p>Heraklion Indoor Sports Arena ist eine Mehrzweck-Indoor-Veranstaltungsst\u00e4tte, welche in der Stadt Heraklion situiert ist. Die Mehrzweckhalle war bereits Austragungsort zahlreicher Basketball Meisterschaften.\u00a0<span style=\"font-size: 1rem;\">Heuer finden erstmals die SKIEF Europameisterschaften in Heraklion statt. Die Arena bietet Platz f\u00fcr bis zu 5.500 Personen \u2013 die Trib\u00fcnen bieten einen Rundumblick auf die in der Mitte befindliche Sportfl\u00e4che.<\/span><\/p><p><strong>Adresse:<\/strong> <a href=\"https:\/\/maps.app.goo.gl\/8wnzKag4MMoswR4MA\">\u0392\u03b9\u03bf\u03bc\u03b7\u03c7\u03b1\u03bd\u03b9\u03ba\u03ae \u03a0\u03b5\u03c1\u03b9\u03bf\u03c7\u03ae \u0397\u03c1\u03b1\u03ba\u03bb\u03b5\u03af\u03bf\u03c5, Nea Alikarnassos, Griechenland<\/a><\/p><p><strong>Anreise\/Parken:<\/strong> Infos folgen<\/p><p><strong>Web:<\/strong> <a href=\"https:\/\/www.crete-ibt.com\/heraklion-arena\/\">Heraklion Arena &#8211; crete-ibt<\/a><\/p>\t\t\t\t\t\t<\/div>\n\t\t\t\t<\/div>\n\t\t\t\t\t<\/div>\n\t\t<\/div>\n\t\t\t\t<div class=\"elementor-column elementor-col-50 elementor-top-column elementor-element elementor-element-21cf404\" data-id=\"21cf404\" data-element_type=\"column\">\n\t\t\t<div class=\"elementor-widget-wrap elementor-element-populated\">\n\t\t\t\t\t\t<div class=\"elementor-element elementor-element-582b16e elementor-widget elementor-widget-image\" data-id=\"582b16e\" data-element_type=\"widget\" data-widget_type=\"image.default\">\n\t\t\t\t<div class=\"elementor-widget-container\">\n\t\t\t\t\t\t\t\t\t\t<figure class=\"wp-caption\">\n\t\t\t\t\t\t\t\t\t\t\t<a href=\"https:\/\/maps.app.goo.gl\/NGrV45tCfbfANSvi6%20\" target=\"_blank\">\n\t\t\t\t\t\t\t<img decoding=\"async\" width=\"568\" height=\"528\" src=\"https:\/\/karate.at\/meisterschaften\/wp-content\/uploads\/2024\/12\/EM2025-Halle.png\" class=\"attachment-large size-large wp-image-1618\" alt=\"\" srcset=\"https:\/\/karate.at\/meisterschaften\/wp-content\/uploads\/2024\/12\/EM2025-Halle.png 568w, https:\/\/karate.at\/meisterschaften\/wp-content\/uploads\/2024\/12\/EM2025-Halle-300x279.png 300w\" sizes=\"(max-width: 568px) 100vw, 568px\" \/>\t\t\t\t\t\t\t\t<\/a>\n\t\t\t\t\t\t\t\t\t\t\t<figcaption class=\"widget-image-caption wp-caption-text\"><a href=\"https:\/\/maps.app.goo.gl\/NGrV45tCfbfANSvi6\">Heraklion Indoor Sports Arena, Dyo Aorakia<\/a><\/figcaption>\n\t\t\t\t\t\t\t\t\t\t<\/figure>\n\t\t\t\t\t\t\t<\/div>\n\t\t\t\t<\/div>\n\t\t\t\t\t<\/div>\n\t\t<\/div>\n\t\t\t\t\t<\/div>\n\t\t<\/section>\n\t\t\t\t<section class=\"elementor-section elementor-top-section elementor-element elementor-element-5c64de2 elementor-section-boxed elementor-section-height-default elementor-section-height-default\" data-id=\"5c64de2\" data-element_type=\"section\">\n\t\t\t\t\t\t<div class=\"elementor-container elementor-column-gap-default\">\n\t\t\t\t\t<div class=\"elementor-column elementor-col-100 elementor-top-column elementor-element elementor-element-8cbeffc\" data-id=\"8cbeffc\" data-element_type=\"column\">\n\t\t\t<div class=\"elementor-widget-wrap elementor-element-populated\">\n\t\t\t\t\t\t<div class=\"elementor-element elementor-element-919ec2c elementor-widget-divider--view-line elementor-widget elementor-widget-divider\" data-id=\"919ec2c\" data-element_type=\"widget\" data-widget_type=\"divider.default\">\n\t\t\t\t<div class=\"elementor-widget-container\">\n\t\t\t\t\t<div class=\"elementor-divider\">\n\t\t\t<span class=\"elementor-divider-separator\">\n\t\t\t\t\t\t<\/span>\n\t\t<\/div>\n\t\t\t\t<\/div>\n\t\t\t\t<\/div>\n\t\t\t\t\t<\/div>\n\t\t<\/div>\n\t\t\t\t\t<\/div>\n\t\t<\/section>\n\t\t\t\t<section class=\"elementor-section elementor-top-section elementor-element elementor-element-a02cc77 elementor-section-boxed elementor-section-height-default elementor-section-height-default\" data-id=\"a02cc77\" data-element_type=\"section\">\n\t\t\t\t\t\t<div class=\"elementor-container elementor-column-gap-default\">\n\t\t\t\t\t<div class=\"elementor-column elementor-col-100 elementor-top-column elementor-element elementor-element-db507f4\" data-id=\"db507f4\" data-element_type=\"column\">\n\t\t\t<div class=\"elementor-widget-wrap elementor-element-populated\">\n\t\t\t\t\t\t<div class=\"elementor-element elementor-element-9444a88 elementor-widget elementor-widget-spacer\" data-id=\"9444a88\" data-element_type=\"widget\" data-widget_type=\"spacer.default\">\n\t\t\t\t<div class=\"elementor-widget-container\">\n\t\t\t\t\t<div class=\"elementor-spacer\">\n\t\t\t<div class=\"elementor-spacer-inner\"><\/div>\n\t\t<\/div>\n\t\t\t\t<\/div>\n\t\t\t\t<\/div>\n\t\t\t\t\t<\/div>\n\t\t<\/div>\n\t\t\t\t\t<\/div>\n\t\t<\/section>\n\t\t\t\t<section class=\"elementor-section elementor-top-section elementor-element elementor-element-cbbb324 elementor-section-boxed elementor-section-height-default elementor-section-height-default\" data-id=\"cbbb324\" data-element_type=\"section\">\n\t\t\t\t\t\t<div class=\"elementor-container elementor-column-gap-default\">\n\t\t\t\t\t<div class=\"elementor-column elementor-col-100 elementor-top-column elementor-element elementor-element-0249500\" data-id=\"0249500\" data-element_type=\"column\">\n\t\t\t<div class=\"elementor-widget-wrap elementor-element-populated\">\n\t\t\t\t\t\t<div class=\"elementor-element elementor-element-7b27423 elementor-widget elementor-widget-spacer\" data-id=\"7b27423\" data-element_type=\"widget\" data-widget_type=\"spacer.default\">\n\t\t\t\t<div class=\"elementor-widget-container\">\n\t\t\t\t\t<div class=\"elementor-spacer\">\n\t\t\t<div class=\"elementor-spacer-inner\"><\/div>\n\t\t<\/div>\n\t\t\t\t<\/div>\n\t\t\t\t<\/div>\n\t\t\t\t\t<\/div>\n\t\t<\/div>\n\t\t\t\t\t<\/div>\n\t\t<\/section>\n\t\t\t\t<\/div>\n\t\t","protected":false},"excerpt":{"rendered":"<p>Heraklion, Kreta, Griechenland Die heurigen 16. SKIEF Europameisterschaften werden im griechischen Heraklion (Kreta) ausgetragen. Den Link zur offiziellen Website der Veranstaltung findet ihr hier. Die wichtigsten Infos sind ebenso auf\u00a0www.karate.at\/em2025\u00a0zusammengefasst.\u00a0 Heraklion (seitens der Stadt selbst verwendeter Schreibung) oder Iraklio ist die gr\u00f6\u00dfte Stadt der s\u00fcdgriechischen Insel Kreta und der Sitz der Verwaltungsregion Kreta. Der Name [&hellip;]<\/p>\n","protected":false},"author":1,"featured_media":0,"parent":1405,"menu_order":0,"comment_status":"closed","ping_status":"closed","template":"","meta":{"footnotes":""},"class_list":["post-1588","page","type-page","status-publish","hentry"],"_links":{"self":[{"href":"https:\/\/karate.at\/meisterschaften\/wp-json\/wp\/v2\/pages\/1588","targetHints":{"allow":["GET"]}}],"collection":[{"href":"https:\/\/karate.at\/meisterschaften\/wp-json\/wp\/v2\/pages"}],"about":[{"href":"https:\/\/karate.at\/meisterschaften\/wp-json\/wp\/v2\/types\/page"}],"author":[{"embeddable":true,"href":"https:\/\/karate.at\/meisterschaften\/wp-json\/wp\/v2\/users\/1"}],"replies":[{"embeddable":true,"href":"https:\/\/karate.at\/meisterschaften\/wp-json\/wp\/v2\/comments?post=1588"}],"version-history":[{"count":19,"href":"https:\/\/karate.at\/meisterschaften\/wp-json\/wp\/v2\/pages\/1588\/revisions"}],"predecessor-version":[{"id":1846,"href":"https:\/\/karate.at\/meisterschaften\/wp-json\/wp\/v2\/pages\/1588\/revisions\/1846"}],"up":[{"embeddable":true,"href":"https:\/\/karate.at\/meisterschaften\/wp-json\/wp\/v2\/pages\/1405"}],"wp:attachment":[{"href":"https:\/\/karate.at\/meisterschaften\/wp-json\/wp\/v2\/media?parent=1588"}],"curies":[{"name":"wp","href":"https:\/\/api.w.org\/{rel}","templated":true}]}}