{"id":1594,"date":"2024-12-20T22:46:23","date_gmt":"2024-12-20T22:46:23","guid":{"rendered":"https:\/\/karate.at\/meisterschaften\/?page_id=1594"},"modified":"2024-12-29T17:32:35","modified_gmt":"2024-12-29T17:32:35","slug":"teamvorstellung","status":"publish","type":"page","link":"https:\/\/karate.at\/meisterschaften\/em2025\/teamvorstellung\/","title":{"rendered":"Teamvorstellung"},"content":{"rendered":"\t\t<div data-elementor-type=\"wp-page\" data-elementor-id=\"1594\" class=\"elementor elementor-1594\" data-elementor-post-type=\"page\">\n\t\t\t\t\t\t<section class=\"elementor-section elementor-top-section elementor-element elementor-element-6754d6f elementor-section-boxed elementor-section-height-default elementor-section-height-default\" data-id=\"6754d6f\" data-element_type=\"section\">\n\t\t\t\t\t\t<div class=\"elementor-container elementor-column-gap-default\">\n\t\t\t\t\t<div class=\"elementor-column elementor-col-100 elementor-top-column elementor-element elementor-element-27dcc59\" data-id=\"27dcc59\" data-element_type=\"column\">\n\t\t\t<div class=\"elementor-widget-wrap elementor-element-populated\">\n\t\t\t\t\t\t<div class=\"elementor-element elementor-element-ab1dae9 elementor-widget elementor-widget-heading\" data-id=\"ab1dae9\" data-element_type=\"widget\" data-widget_type=\"heading.default\">\n\t\t\t\t<div class=\"elementor-widget-container\">\n\t\t\t<h3 class=\"elementor-heading-title elementor-size-default\">Das SKIAF Nationalteam stellt sich vor<\/h3>\t\t<\/div>\n\t\t\t\t<\/div>\n\t\t\t\t<div class=\"elementor-element elementor-element-35efb49 elementor-widget elementor-widget-text-editor\" data-id=\"35efb49\" data-element_type=\"widget\" data-widget_type=\"text-editor.default\">\n\t\t\t\t<div class=\"elementor-widget-container\">\n\t\t\t\t\t\t\t<p>In diesem Jahr vertritt das Nationalteam des Shotokan Karate-Do International Austrian Federation (SKIAF) \u00d6sterreich bei den <a href=\"https:\/\/skif2025-hellas.com\/\">SKIEF European Championships in Heraklion, Kreta (Griechenland)<\/a>. Wir zeichnen uns durch unser Engagement und unsere Begeisterung am traditionellen Shotokan Karate-Do aus. Als Karateka mit langj\u00e4hriger Erfahrung bei nationalen und internationalen Meisterschaften, haben wir uns durch unsere vergangenen Erfolge und unsere Trainingsintensit\u00e4t zu den Europameisterschaften 2025 qualifiziert. Bei unz\u00e4hlbaren Vereinstrainings, fast w\u00f6chentlichen bundesweiten Lehrg\u00e4ngen, sowie zus\u00e4tzlichen Nationalteam-Trainings haben wir uns bestens auf unsere Ziele vorbereitet und nehmen die kommenden Herausforderungen mit Begeisterung an.<\/p><p><strong>Nationalteam bedeutet f\u00fcr uns:<\/strong><br \/>1) \u00d6sterreich einen internationalen Namen im Karate zu geben<br \/>2) Geistiger und k\u00f6rperlicher Einsatz vor, w\u00e4hrend und nach Wettk\u00e4mpfen<br \/>3) Begeisterung und Engagement am Karate zu zeigen und dies weiterzugeben<br \/>4) Im Team k\u00e4mpft man nie allein<\/p>\t\t\t\t\t\t<\/div>\n\t\t\t\t<\/div>\n\t\t\t\t\t<\/div>\n\t\t<\/div>\n\t\t\t\t\t<\/div>\n\t\t<\/section>\n\t\t\t\t<section class=\"elementor-section elementor-top-section elementor-element elementor-element-28feb79 elementor-section-boxed elementor-section-height-default elementor-section-height-default\" data-id=\"28feb79\" data-element_type=\"section\">\n\t\t\t\t\t\t<div class=\"elementor-container elementor-column-gap-default\">\n\t\t\t\t\t<div class=\"elementor-column elementor-col-100 elementor-top-column elementor-element elementor-element-2a472c6\" data-id=\"2a472c6\" data-element_type=\"column\">\n\t\t\t<div class=\"elementor-widget-wrap elementor-element-populated\">\n\t\t\t\t\t\t<div class=\"elementor-element elementor-element-16c1197 elementor-widget elementor-widget-image\" data-id=\"16c1197\" data-element_type=\"widget\" data-widget_type=\"image.default\">\n\t\t\t\t<div class=\"elementor-widget-container\">\n\t\t\t\t\t\t\t\t\t\t<figure class=\"wp-caption\">\n\t\t\t\t\t\t\t\t\t\t<img fetchpriority=\"high\" decoding=\"async\" width=\"800\" height=\"534\" src=\"https:\/\/karate.at\/meisterschaften\/wp-content\/uploads\/2024\/12\/DSC5983-1-1024x683.jpg\" class=\"attachment-large size-large wp-image-1727\" alt=\"\" srcset=\"https:\/\/karate.at\/meisterschaften\/wp-content\/uploads\/2024\/12\/DSC5983-1-1024x683.jpg 1024w, https:\/\/karate.at\/meisterschaften\/wp-content\/uploads\/2024\/12\/DSC5983-1-300x200.jpg 300w, https:\/\/karate.at\/meisterschaften\/wp-content\/uploads\/2024\/12\/DSC5983-1-768x512.jpg 768w, https:\/\/karate.at\/meisterschaften\/wp-content\/uploads\/2024\/12\/DSC5983-1-1536x1024.jpg 1536w, https:\/\/karate.at\/meisterschaften\/wp-content\/uploads\/2024\/12\/DSC5983-1.jpg 1920w\" sizes=\"(max-width: 800px) 100vw, 800px\" \/>\t\t\t\t\t\t\t\t\t\t\t<figcaption class=\"widget-image-caption wp-caption-text\">Shotokan Karate-Do International Austrian Federation (SKIAF) Nationalteam &amp; Coaches von links nach rechts (Stand: 2023; SKIF Weltmeisterschaften): Wilfried Pollheimer, Ingrid Adler, Florian Schnitzinger, Harald Axmann, Dominik Piereder, Vera Paar, Svenja Rainer, Gabriel Kratzer, Admir Bajric, Luca Brodinger und Armin Paar<\/figcaption>\n\t\t\t\t\t\t\t\t\t\t<\/figure>\n\t\t\t\t\t\t\t<\/div>\n\t\t\t\t<\/div>\n\t\t\t\t<div class=\"elementor-element elementor-element-cb21315 elementor-widget elementor-widget-spacer\" data-id=\"cb21315\" data-element_type=\"widget\" data-widget_type=\"spacer.default\">\n\t\t\t\t<div class=\"elementor-widget-container\">\n\t\t\t\t\t<div class=\"elementor-spacer\">\n\t\t\t<div class=\"elementor-spacer-inner\"><\/div>\n\t\t<\/div>\n\t\t\t\t<\/div>\n\t\t\t\t<\/div>\n\t\t\t\t<div class=\"elementor-element elementor-element-48e1a04 elementor-widget-divider--view-line elementor-widget elementor-widget-divider\" data-id=\"48e1a04\" data-element_type=\"widget\" data-widget_type=\"divider.default\">\n\t\t\t\t<div class=\"elementor-widget-container\">\n\t\t\t\t\t<div class=\"elementor-divider\">\n\t\t\t<span class=\"elementor-divider-separator\">\n\t\t\t\t\t\t<\/span>\n\t\t<\/div>\n\t\t\t\t<\/div>\n\t\t\t\t<\/div>\n\t\t\t\t\t<\/div>\n\t\t<\/div>\n\t\t\t\t\t<\/div>\n\t\t<\/section>\n\t\t\t\t<\/div>\n\t\t","protected":false},"excerpt":{"rendered":"<p>Das SKIAF Nationalteam stellt sich vor In diesem Jahr vertritt das Nationalteam des Shotokan Karate-Do International Austrian Federation (SKIAF) \u00d6sterreich bei den SKIEF European Championships in Heraklion, Kreta (Griechenland). Wir zeichnen uns durch unser Engagement und unsere Begeisterung am traditionellen Shotokan Karate-Do aus. Als Karateka mit langj\u00e4hriger Erfahrung bei nationalen und internationalen Meisterschaften, haben wir [&hellip;]<\/p>\n","protected":false},"author":1,"featured_media":0,"parent":1405,"menu_order":0,"comment_status":"closed","ping_status":"closed","template":"","meta":{"footnotes":""},"class_list":["post-1594","page","type-page","status-publish","hentry"],"_links":{"self":[{"href":"https:\/\/karate.at\/meisterschaften\/wp-json\/wp\/v2\/pages\/1594","targetHints":{"allow":["GET"]}}],"collection":[{"href":"https:\/\/karate.at\/meisterschaften\/wp-json\/wp\/v2\/pages"}],"about":[{"href":"https:\/\/karate.at\/meisterschaften\/wp-json\/wp\/v2\/types\/page"}],"author":[{"embeddable":true,"href":"https:\/\/karate.at\/meisterschaften\/wp-json\/wp\/v2\/users\/1"}],"replies":[{"embeddable":true,"href":"https:\/\/karate.at\/meisterschaften\/wp-json\/wp\/v2\/comments?post=1594"}],"version-history":[{"count":7,"href":"https:\/\/karate.at\/meisterschaften\/wp-json\/wp\/v2\/pages\/1594\/revisions"}],"predecessor-version":[{"id":1733,"href":"https:\/\/karate.at\/meisterschaften\/wp-json\/wp\/v2\/pages\/1594\/revisions\/1733"}],"up":[{"embeddable":true,"href":"https:\/\/karate.at\/meisterschaften\/wp-json\/wp\/v2\/pages\/1405"}],"wp:attachment":[{"href":"https:\/\/karate.at\/meisterschaften\/wp-json\/wp\/v2\/media?parent=1594"}],"curies":[{"name":"wp","href":"https:\/\/api.w.org\/{rel}","templated":true}]}}

<div data-elementor-type="wp-page" data-elementor-id="1594" class="elementor elementor-1594" data-elementor-post-type="page">
						<section class="elementor-section elementor-top-section elementor-element elementor-element-6754d6f elementor-section-boxed elementor-section-height-default elementor-section-height-default" data-id="6754d6f" data-element_type="section">
						<div class="elementor-container elementor-column-gap-default">
					<div class="elementor-column elementor-col-100 elementor-top-column elementor-element elementor-element-27dcc59" data-id="27dcc59" data-element_type="column">
			<div class="elementor-widget-wrap elementor-element-populated">
						<div class="elementor-element elementor-element-ab1dae9 elementor-widget elementor-widget-heading" data-id="ab1dae9" data-element_type="widget" data-widget_type="heading.default">
				<div class="elementor-widget-container">
			<h3 class="elementor-heading-title elementor-size-default">Das SKIAF Nationalteam stellt sich vor</h3>		</div>
				</div>
				<div class="elementor-element elementor-element-35efb49 elementor-widget elementor-widget-text-editor" data-id="35efb49" data-element_type="widget" data-widget_type="text-editor.default">
				<div class="elementor-widget-container">
							<p>In diesem Jahr vertritt das Nationalteam des Shotokan Karate-Do International Austrian Federation (SKIAF) Österreich bei den <a href="https://skif2025-hellas.com/">SKIEF European Championships in Heraklion, Kreta (Griechenland)</a>. Wir zeichnen uns durch unser Engagement und unsere Begeisterung am traditionellen Shotokan Karate-Do aus. Als Karateka mit langjähriger Erfahrung bei nationalen und internationalen Meisterschaften, haben wir uns durch unsere vergangenen Erfolge und unsere Trainingsintensität zu den Europameisterschaften 2025 qualifiziert. Bei unzählbaren Vereinstrainings, fast wöchentlichen bundesweiten Lehrgängen, sowie zusätzlichen Nationalteam-Trainings haben wir uns bestens auf unsere Ziele vorbereitet und nehmen die kommenden Herausforderungen mit Begeisterung an.</p><p><strong>Nationalteam bedeutet für uns:</strong><br />1) Österreich einen internationalen Namen im Karate zu geben<br />2) Geistiger und körperlicher Einsatz vor, während und nach Wettkämpfen<br />3) Begeisterung und Engagement am Karate zu zeigen und dies weiterzugeben<br />4) Im Team kämpft man nie allein</p>						</div>
				</div>
					</div>
		</div>
					</div>
		</section>
				<section class="elementor-section elementor-top-section elementor-element elementor-element-28feb79 elementor-section-boxed elementor-section-height-default elementor-section-height-default" data-id="28feb79" data-element_type="section">
						<div class="elementor-container elementor-column-gap-default">
					<div class="elementor-column elementor-col-100 elementor-top-column elementor-element elementor-element-2a472c6" data-id="2a472c6" data-element_type="column">
			<div class="elementor-widget-wrap elementor-element-populated">
						<div class="elementor-element elementor-element-16c1197 elementor-widget elementor-widget-image" data-id="16c1197" data-element_type="widget" data-widget_type="image.default">
				<div class="elementor-widget-container">
										<figure class="wp-caption">
										<img fetchpriority="high" decoding="async" width="800" height="534" src="https://karate.at/meisterschaften/wp-content/uploads/2024/12/DSC5983-1-1024x683.jpg" class="attachment-large size-large wp-image-1727" alt="" srcset="https://karate.at/meisterschaften/wp-content/uploads/2024/12/DSC5983-1-1024x683.jpg 1024w, https://karate.at/meisterschaften/wp-content/uploads/2024/12/DSC5983-1-300x200.jpg 300w, https://karate.at/meisterschaften/wp-content/uploads/2024/12/DSC5983-1-768x512.jpg 768w, https://karate.at/meisterschaften/wp-content/uploads/2024/12/DSC5983-1-1536x1024.jpg 1536w, https://karate.at/meisterschaften/wp-content/uploads/2024/12/DSC5983-1.jpg 1920w" sizes="(max-width: 800px) 100vw, 800px" />											<figcaption class="widget-image-caption wp-caption-text">Shotokan Karate-Do International Austrian Federation (SKIAF) Nationalteam &amp; Coaches von links nach rechts (Stand: 2023; SKIF Weltmeisterschaften): Wilfried Pollheimer, Ingrid Adler, Florian Schnitzinger, Harald Axmann, Dominik Piereder, Vera Paar, Svenja Rainer, Gabriel Kratzer, Admir Bajric, Luca Brodinger und Armin Paar</figcaption>
										</figure>
							</div>
				</div>
				<div class="elementor-element elementor-element-cb21315 elementor-widget elementor-widget-spacer" data-id="cb21315" data-element_type="widget" data-widget_type="spacer.default">
				<div class="elementor-widget-container">
					<div class="elementor-spacer">
			<div class="elementor-spacer-inner"></div>
		</div>
				</div>
				</div>
				<div class="elementor-element elementor-element-48e1a04 elementor-widget-divider--view-line elementor-widget elementor-widget-divider" data-id="48e1a04" data-element_type="widget" data-widget_type="divider.default">
				<div class="elementor-widget-container">
					<div class="elementor-divider">
			<span class="elementor-divider-separator">
						</span>
		</div>
				</div>
				</div>
					</div>
		</div>
					</div>
		</section>
				</div>

<p>Das SKIAF Nationalteam stellt sich vor In diesem Jahr vertritt das Nationalteam des Shotokan Karate-Do International Austrian Federation (SKIAF) Österreich bei den SKIEF European Championships in Heraklion, Kreta (Griechenland). Wir zeichnen uns durch unser Engagement und unsere Begeisterung am traditionellen Shotokan Karate-Do aus. Als Karateka mit langjähriger Erfahrung bei nationalen und internationalen Meisterschaften, haben wir [&hellip;]</p>
