{"id":2328,"date":"2026-01-03T13:08:36","date_gmt":"2026-01-03T13:08:36","guid":{"rendered":"https:\/\/karate.at\/meisterschaften\/?page_id=2328"},"modified":"2026-01-08T10:18:38","modified_gmt":"2026-01-08T10:18:38","slug":"der-austragungsort","status":"publish","type":"page","link":"https:\/\/karate.at\/meisterschaften\/wm2026\/der-austragungsort\/","title":{"rendered":"Der Austragungsort"},"content":{"rendered":"\t\t<div data-elementor-type=\"wp-page\" data-elementor-id=\"2328\" class=\"elementor elementor-2328\" data-elementor-post-type=\"page\">\n\t\t\t\t\t\t<section class=\"elementor-section elementor-top-section elementor-element elementor-element-2514c2f elementor-section-boxed elementor-section-height-default elementor-section-height-default\" data-id=\"2514c2f\" data-element_type=\"section\">\n\t\t\t\t\t\t<div class=\"elementor-container elementor-column-gap-default\">\n\t\t\t\t\t<div class=\"elementor-column elementor-col-100 elementor-top-column elementor-element elementor-element-4cad897\" data-id=\"4cad897\" data-element_type=\"column\">\n\t\t\t<div class=\"elementor-widget-wrap elementor-element-populated\">\n\t\t\t\t\t\t<div class=\"elementor-element elementor-element-5ce8c22 elementor-widget-divider--view-line elementor-widget elementor-widget-divider\" data-id=\"5ce8c22\" data-element_type=\"widget\" data-widget_type=\"divider.default\">\n\t\t\t\t<div class=\"elementor-widget-container\">\n\t\t\t\t\t<div class=\"elementor-divider\">\n\t\t\t<span class=\"elementor-divider-separator\">\n\t\t\t\t\t\t<\/span>\n\t\t<\/div>\n\t\t\t\t<\/div>\n\t\t\t\t<\/div>\n\t\t\t\t\t<\/div>\n\t\t<\/div>\n\t\t\t\t\t<\/div>\n\t\t<\/section>\n\t\t\t\t<section class=\"elementor-section elementor-top-section elementor-element elementor-element-1c0aedb elementor-section-boxed elementor-section-height-default elementor-section-height-default\" data-id=\"1c0aedb\" data-element_type=\"section\">\n\t\t\t\t\t\t<div class=\"elementor-container elementor-column-gap-default\">\n\t\t\t\t\t\t<\/div>\n\t\t<\/section>\n\t\t\t\t<section class=\"elementor-section elementor-top-section elementor-element elementor-element-8db8938 elementor-section-boxed elementor-section-height-default elementor-section-height-default\" data-id=\"8db8938\" data-element_type=\"section\">\n\t\t\t\t\t\t<div class=\"elementor-container elementor-column-gap-default\">\n\t\t\t\t\t<div class=\"elementor-column elementor-col-100 elementor-top-column elementor-element elementor-element-c6f9eba\" data-id=\"c6f9eba\" data-element_type=\"column\">\n\t\t\t<div class=\"elementor-widget-wrap elementor-element-populated\">\n\t\t\t\t\t\t<div class=\"elementor-element elementor-element-072964a elementor-widget elementor-widget-spacer\" data-id=\"072964a\" data-element_type=\"widget\" data-widget_type=\"spacer.default\">\n\t\t\t\t<div class=\"elementor-widget-container\">\n\t\t\t\t\t<div class=\"elementor-spacer\">\n\t\t\t<div class=\"elementor-spacer-inner\"><\/div>\n\t\t<\/div>\n\t\t\t\t<\/div>\n\t\t\t\t<\/div>\n\t\t\t\t\t<\/div>\n\t\t<\/div>\n\t\t\t\t\t<\/div>\n\t\t<\/section>\n\t\t\t\t<section class=\"elementor-section elementor-top-section elementor-element elementor-element-d8c71ff elementor-section-boxed elementor-section-height-default elementor-section-height-default\" data-id=\"d8c71ff\" data-element_type=\"section\">\n\t\t\t\t\t\t<div class=\"elementor-container elementor-column-gap-default\">\n\t\t\t\t\t<div class=\"elementor-column elementor-col-50 elementor-top-column elementor-element elementor-element-0e22938\" data-id=\"0e22938\" data-element_type=\"column\">\n\t\t\t<div class=\"elementor-widget-wrap elementor-element-populated\">\n\t\t\t\t\t\t<div class=\"elementor-element elementor-element-31f5385 elementor-widget elementor-widget-heading\" data-id=\"31f5385\" data-element_type=\"widget\" data-widget_type=\"heading.default\">\n\t\t\t\t<div class=\"elementor-widget-container\">\n\t\t\t<h3 class=\"elementor-heading-title elementor-size-default\">Antalya, T\u00fcrkei<\/h3>\t\t<\/div>\n\t\t\t\t<\/div>\n\t\t\t\t<div class=\"elementor-element elementor-element-7f561d5 elementor-widget elementor-widget-text-editor\" data-id=\"7f561d5\" data-element_type=\"widget\" data-widget_type=\"text-editor.default\">\n\t\t\t\t<div class=\"elementor-widget-container\">\n\t\t\t\t\t\t\t<p>Die heurigen 15. SKIF Weltmeisterschaften werden im t\u00fcrkischen Antalya ausgetragen. Den Link zur offiziellen Website der Veranstaltung findet ihr <a href=\"https:\/\/skif2026.org\/\">hier<\/a>. Die wichtigsten Infos sind ebenso auf\u00a0<a href=\"http:\/\/www.karate.at\/meisterschaften\/wm2026\">www.karate.at\/wm2026<\/a>\u00a0zusammengefasst.\u00a0<\/p><p>Antalya, eine historische und kulturelle Schatzkammer an der t\u00fcrkischen Riviera, ist ein herausragender Austragungsort f\u00fcr internationale Sportevents. Umgeben von den imposanten Taurusbergen und dem klaren Wasser des Mittelmeers, verbindet die Stadt atemberaubende Natur mit einer langen Geschichte. Antike St\u00e4tten wie das r\u00f6mische Theater von Aspendos und die Ruinen von Perge machen Antalya zu einem einzigartigen Ziel, das Sportler und Zuschauer gleicherma\u00dfen fasziniert. Neben der Geschichte bietet Antalya eine moderne Infrastruktur, die ideal f\u00fcr die Durchf\u00fchrung gro\u00dfer Sportveranstaltungen ist. Die Altstadt Kalei\u00e7i, mit ihren verwinkelten Gassen und historischen Geb\u00e4uden, schafft eine unverwechselbare Atmosph\u00e4re, die das Event zu einem unvergesslichen Erlebnis macht. Das milde mediterrane Klima sorgt zudem f\u00fcr perfekte Wettkampfbedingungen. Ob f\u00fcr Wettk\u00e4mpfe in verschiedenen Disziplinen oder f\u00fcr Events, die Kultur und Sport vereinen, Antalya bietet den perfekten Rahmen, um neue sportliche Erfolge zu feiern und gleichzeitig in die faszinierende Geschichte der Region einzutauchen.\u00a0<\/p><p><span style=\"font-size: 1rem;\"><strong>Weiterf\u00fchrende Informationen:<\/strong> <a href=\"https:\/\/de.wikipedia.org\/wiki\/Antalya\">Wikipedia<\/a><\/span><\/p>\t\t\t\t\t\t<\/div>\n\t\t\t\t<\/div>\n\t\t\t\t\t<\/div>\n\t\t<\/div>\n\t\t\t\t<div class=\"elementor-column elementor-col-50 elementor-top-column elementor-element elementor-element-0a47888\" data-id=\"0a47888\" data-element_type=\"column\">\n\t\t\t<div class=\"elementor-widget-wrap elementor-element-populated\">\n\t\t\t\t\t\t<div class=\"elementor-element elementor-element-4cf142e elementor-widget__width-initial elementor-widget elementor-widget-image\" data-id=\"4cf142e\" data-element_type=\"widget\" data-widget_type=\"image.default\">\n\t\t\t\t<div class=\"elementor-widget-container\">\n\t\t\t\t\t\t\t\t\t\t<figure class=\"wp-caption\">\n\t\t\t\t\t\t\t\t\t\t<img fetchpriority=\"high\" decoding=\"async\" width=\"757\" height=\"539\" src=\"https:\/\/karate.at\/meisterschaften\/wp-content\/uploads\/2026\/01\/Screenshot-Antalya.png\" class=\"attachment-large size-large wp-image-2442\" alt=\"\" srcset=\"https:\/\/karate.at\/meisterschaften\/wp-content\/uploads\/2026\/01\/Screenshot-Antalya.png 757w, https:\/\/karate.at\/meisterschaften\/wp-content\/uploads\/2026\/01\/Screenshot-Antalya-300x214.png 300w\" sizes=\"(max-width: 757px) 100vw, 757px\" \/>\t\t\t\t\t\t\t\t\t\t\t<figcaption class=\"widget-image-caption wp-caption-text\"><a href=\"https:\/\/maps.app.goo.gl\/NGrV45tCfbfANSvi6\">Google Maps<\/a><\/figcaption>\n\t\t\t\t\t\t\t\t\t\t<\/figure>\n\t\t\t\t\t\t\t<\/div>\n\t\t\t\t<\/div>\n\t\t\t\t\t<\/div>\n\t\t<\/div>\n\t\t\t\t\t<\/div>\n\t\t<\/section>\n\t\t\t\t<section class=\"elementor-section elementor-top-section elementor-element elementor-element-b66702f elementor-section-boxed elementor-section-height-default elementor-section-height-default\" data-id=\"b66702f\" data-element_type=\"section\">\n\t\t\t\t\t\t<div class=\"elementor-container elementor-column-gap-default\">\n\t\t\t\t\t<div class=\"elementor-column elementor-col-100 elementor-top-column elementor-element elementor-element-dd001ff\" data-id=\"dd001ff\" data-element_type=\"column\">\n\t\t\t<div class=\"elementor-widget-wrap elementor-element-populated\">\n\t\t\t\t\t\t<div class=\"elementor-element elementor-element-33ec51e elementor-widget__width-initial elementor-widget-divider--view-line elementor-widget elementor-widget-divider\" data-id=\"33ec51e\" data-element_type=\"widget\" data-widget_type=\"divider.default\">\n\t\t\t\t<div class=\"elementor-widget-container\">\n\t\t\t\t\t<div class=\"elementor-divider\">\n\t\t\t<span class=\"elementor-divider-separator\">\n\t\t\t\t\t\t<\/span>\n\t\t<\/div>\n\t\t\t\t<\/div>\n\t\t\t\t<\/div>\n\t\t\t\t\t<\/div>\n\t\t<\/div>\n\t\t\t\t\t<\/div>\n\t\t<\/section>\n\t\t\t\t<section class=\"elementor-section elementor-top-section elementor-element elementor-element-7648824 elementor-section-boxed elementor-section-height-default elementor-section-height-default\" data-id=\"7648824\" data-element_type=\"section\">\n\t\t\t\t\t\t<div class=\"elementor-container elementor-column-gap-default\">\n\t\t\t\t\t<div class=\"elementor-column elementor-col-100 elementor-top-column elementor-element elementor-element-4028d6d\" data-id=\"4028d6d\" data-element_type=\"column\">\n\t\t\t<div class=\"elementor-widget-wrap elementor-element-populated\">\n\t\t\t\t\t\t<div class=\"elementor-element elementor-element-4f380ff elementor-widget elementor-widget-spacer\" data-id=\"4f380ff\" data-element_type=\"widget\" data-widget_type=\"spacer.default\">\n\t\t\t\t<div class=\"elementor-widget-container\">\n\t\t\t\t\t<div class=\"elementor-spacer\">\n\t\t\t<div class=\"elementor-spacer-inner\"><\/div>\n\t\t<\/div>\n\t\t\t\t<\/div>\n\t\t\t\t<\/div>\n\t\t\t\t\t<\/div>\n\t\t<\/div>\n\t\t\t\t\t<\/div>\n\t\t<\/section>\n\t\t\t\t<section class=\"elementor-section elementor-top-section elementor-element elementor-element-c15f521 elementor-section-boxed elementor-section-height-default elementor-section-height-default\" data-id=\"c15f521\" data-element_type=\"section\">\n\t\t\t\t\t\t<div class=\"elementor-container elementor-column-gap-default\">\n\t\t\t\t\t<div class=\"elementor-column elementor-col-50 elementor-top-column elementor-element elementor-element-798fa83\" data-id=\"798fa83\" data-element_type=\"column\">\n\t\t\t<div class=\"elementor-widget-wrap elementor-element-populated\">\n\t\t\t\t\t\t<div class=\"elementor-element elementor-element-cbd73d7 elementor-widget elementor-widget-heading\" data-id=\"cbd73d7\" data-element_type=\"widget\" data-widget_type=\"heading.default\">\n\t\t\t\t<div class=\"elementor-widget-container\">\n\t\t\t<h3 class=\"elementor-heading-title elementor-size-default\">Granada Luxury Resort Kayra-Han Congress Center<\/h3>\t\t<\/div>\n\t\t\t\t<\/div>\n\t\t\t\t<div class=\"elementor-element elementor-element-b3d4a52 elementor-widget elementor-widget-text-editor\" data-id=\"b3d4a52\" data-element_type=\"widget\" data-widget_type=\"text-editor.default\">\n\t\t\t\t<div class=\"elementor-widget-container\">\n\t\t\t\t\t\t\t<p><span style=\"font-size: 1rem;\">Das <strong data-start=\"4\" data-end=\"55\">Granada Luxury Resort Kayra-Han Congress Center<\/strong> in Antalya bietet den perfekten Rahmen f\u00fcr die <strong data-start=\"103\" data-end=\"133\">Karate Weltmeisterschaften<\/strong>. Es liegt in der beliebten Urlaubsregion Kundu, nur etwa 30 Kilometer vom Stadtzentrum Antalya entfernt und bietet eine exzellente Anbindung sowohl zum Flughafen als auch zu den K\u00fcstenregionen. Das Kongresszentrum ist modern ausgestattet und bietet eine gro\u00dfz\u00fcgige Fl\u00e4che, die sich ideal f\u00fcr sportliche Gro\u00dfereignisse eignet. Die flexible Raumgestaltung erm\u00f6glicht es, die Halle je nach Bedarf f\u00fcr Wettk\u00e4mpfe, Zeremonien oder Zuschauertrib\u00fcnen anzupassen. Weitere kleinere R\u00e4ume bieten Platz f\u00fcr Trainings, Pressetermine oder Besprechungen. Die atemberaubende Lage inmitten von gr\u00fcnen G\u00e4rten und in unmittelbarer N\u00e4he zum Mittelmeer sorgt f\u00fcr eine einzigartige Atmosph\u00e4re, die das Event zu einem unvergesslichen Erlebnis macht.<\/span><\/p><p><strong>Adresse: <\/strong><a href=\"https:\/\/maps.app.goo.gl\/nHLKFmDvPMKgiAgKA\">Granada Luxury Belek, Bar\u0131\u015f Street No:1\/9, 07506 Serik\/Antalya, T\u00fcrkiye<\/a><\/p><p><strong>Web: <\/strong><a href=\"https:\/\/skif2026.org\/attendance\/championship-venue\/\">Championship Venue<\/a><\/p>\t\t\t\t\t\t<\/div>\n\t\t\t\t<\/div>\n\t\t\t\t\t<\/div>\n\t\t<\/div>\n\t\t\t\t<div class=\"elementor-column elementor-col-50 elementor-top-column elementor-element elementor-element-21cf404\" data-id=\"21cf404\" data-element_type=\"column\">\n\t\t\t<div class=\"elementor-widget-wrap elementor-element-populated\">\n\t\t\t\t\t\t<div class=\"elementor-element elementor-element-c908e07 elementor-widget__width-initial elementor-widget elementor-widget-image\" data-id=\"c908e07\" data-element_type=\"widget\" data-widget_type=\"image.default\">\n\t\t\t\t<div class=\"elementor-widget-container\">\n\t\t\t\t\t\t\t\t\t\t<figure class=\"wp-caption\">\n\t\t\t\t\t\t\t\t\t\t\t<a href=\"https:\/\/www.google.com\/maps\/place\/Granada+Luxury+Belek\/@36.9732159,30.5717195,11z\/data=!4m13!1m2!2m1!1sGranada+Luxury+Belek,+Bar%C4%B1%C5%9F+Street+No:1%2F9,+07506+Serik%2FAntalya,+T%C3%BCrkiye!3m9!1s0x14c37b50fd090bd1:0xc004d80543b26533!5m2!4m1!1i2!8m2!3d36.8589836!4d31.0716669!15sCkpHcmFuYWRhIEx1eHVyeSBCZWxlaywgQmFyxLHFnyBTdHJlZXQgTm86MS85LCAwNzUwNiBTZXJpay9BbnRhbHlhLCBUw7xya2l5ZSIDiAEBWkkiR2dyYW5hZGEgbHV4dXJ5IGJlbGVrIGJhcsSxxZ8gc3RyZWV0IG5vIDEgOSAwNzUwNiBzZXJpayBhbnRhbHlhIHTDvHJraXllkgEWc2VydmljZWRfYWNjb21tb2RhdGlvbpoBI0NoWkRTVWhOTUc5blMwVkpRMEZuU1VSSWNEbHhNRkJSRUFF4AEA-gEFCLICEEs!16s%2Fg%2F11c5bm892j?entry=ttu&#038;g_ep=EgoyMDI2MDEwNC4wIKXMDSoKLDEwMDc5MjA3MUgBUAM%3D\" target=\"_blank\">\n\t\t\t\t\t\t\t<img decoding=\"async\" width=\"800\" height=\"430\" src=\"https:\/\/karate.at\/meisterschaften\/wp-content\/uploads\/2026\/01\/Screenshot-Venue.png\" class=\"attachment-large size-large wp-image-2433\" alt=\"\" srcset=\"https:\/\/karate.at\/meisterschaften\/wp-content\/uploads\/2026\/01\/Screenshot-Venue.png 913w, https:\/\/karate.at\/meisterschaften\/wp-content\/uploads\/2026\/01\/Screenshot-Venue-300x161.png 300w, https:\/\/karate.at\/meisterschaften\/wp-content\/uploads\/2026\/01\/Screenshot-Venue-768x413.png 768w\" sizes=\"(max-width: 800px) 100vw, 800px\" \/>\t\t\t\t\t\t\t\t<\/a>\n\t\t\t\t\t\t\t\t\t\t\t<figcaption class=\"widget-image-caption wp-caption-text\"><a href=\"https:\/\/maps.app.goo.gl\/NGrV45tCfbfANSvi6\">Granada Luxury Resort Kayra-Han Congress Center, Serik\/Antalya<\/a><\/figcaption>\n\t\t\t\t\t\t\t\t\t\t<\/figure>\n\t\t\t\t\t\t\t<\/div>\n\t\t\t\t<\/div>\n\t\t\t\t\t<\/div>\n\t\t<\/div>\n\t\t\t\t\t<\/div>\n\t\t<\/section>\n\t\t\t\t<section class=\"elementor-section elementor-top-section elementor-element elementor-element-3dc135b elementor-section-boxed elementor-section-height-default elementor-section-height-default\" data-id=\"3dc135b\" data-element_type=\"section\">\n\t\t\t\t\t\t<div class=\"elementor-container elementor-column-gap-default\">\n\t\t\t\t\t<div class=\"elementor-column elementor-col-50 elementor-top-column elementor-element elementor-element-b64ccdc\" data-id=\"b64ccdc\" data-element_type=\"column\">\n\t\t\t<div class=\"elementor-widget-wrap elementor-element-populated\">\n\t\t\t\t\t\t<div class=\"elementor-element elementor-element-17d5843 elementor-widget elementor-widget-image\" data-id=\"17d5843\" data-element_type=\"widget\" data-widget_type=\"image.default\">\n\t\t\t\t<div class=\"elementor-widget-container\">\n\t\t\t\t\t\t\t\t\t\t\t\t\t<img decoding=\"async\" width=\"800\" height=\"450\" src=\"https:\/\/karate.at\/meisterschaften\/wp-content\/uploads\/2026\/01\/Granda-3-1024x576.jpg\" class=\"attachment-large size-large wp-image-2434\" alt=\"\" srcset=\"https:\/\/karate.at\/meisterschaften\/wp-content\/uploads\/2026\/01\/Granda-3-1024x576.jpg 1024w, https:\/\/karate.at\/meisterschaften\/wp-content\/uploads\/2026\/01\/Granda-3-300x169.jpg 300w, https:\/\/karate.at\/meisterschaften\/wp-content\/uploads\/2026\/01\/Granda-3-768x432.jpg 768w, https:\/\/karate.at\/meisterschaften\/wp-content\/uploads\/2026\/01\/Granda-3.jpg 1280w\" sizes=\"(max-width: 800px) 100vw, 800px\" \/>\t\t\t\t\t\t\t\t\t\t\t\t\t<\/div>\n\t\t\t\t<\/div>\n\t\t\t\t\t<\/div>\n\t\t<\/div>\n\t\t\t\t<div class=\"elementor-column elementor-col-50 elementor-top-column elementor-element elementor-element-e692ece\" data-id=\"e692ece\" data-element_type=\"column\">\n\t\t\t<div class=\"elementor-widget-wrap elementor-element-populated\">\n\t\t\t\t\t\t<div class=\"elementor-element elementor-element-bd858ec elementor-widget__width-initial elementor-widget elementor-widget-image\" data-id=\"bd858ec\" data-element_type=\"widget\" data-widget_type=\"image.default\">\n\t\t\t\t<div class=\"elementor-widget-container\">\n\t\t\t\t\t\t\t\t\t\t\t\t\t\t<a href=\"https:\/\/www.google.com\/maps\/place\/Granada+Luxury+Belek\/@36.9732159,30.5717195,11z\/data=!4m13!1m2!2m1!1sGranada+Luxury+Belek,+Bar%C4%B1%C5%9F+Street+No:1%2F9,+07506+Serik%2FAntalya,+T%C3%BCrkiye!3m9!1s0x14c37b50fd090bd1:0xc004d80543b26533!5m2!4m1!1i2!8m2!3d36.8589836!4d31.0716669!15sCkpHcmFuYWRhIEx1eHVyeSBCZWxlaywgQmFyxLHFnyBTdHJlZXQgTm86MS85LCAwNzUwNiBTZXJpay9BbnRhbHlhLCBUw7xya2l5ZSIDiAEBWkkiR2dyYW5hZGEgbHV4dXJ5IGJlbGVrIGJhcsSxxZ8gc3RyZWV0IG5vIDEgOSAwNzUwNiBzZXJpayBhbnRhbHlhIHTDvHJraXllkgEWc2VydmljZWRfYWNjb21tb2RhdGlvbpoBI0NoWkRTVWhOTUc5blMwVkpRMEZuU1VSSWNEbHhNRkJSRUFF4AEA-gEFCLICEEs!16s%2Fg%2F11c5bm892j?entry=ttu&#038;g_ep=EgoyMDI2MDEwNC4wIKXMDSoKLDEwMDc5MjA3MUgBUAM%3D\" target=\"_blank\">\n\t\t\t\t\t\t\t<img loading=\"lazy\" decoding=\"async\" width=\"800\" height=\"600\" src=\"https:\/\/karate.at\/meisterschaften\/wp-content\/uploads\/2026\/01\/Slayt1.jpg\" class=\"attachment-large size-large wp-image-2435\" alt=\"\" srcset=\"https:\/\/karate.at\/meisterschaften\/wp-content\/uploads\/2026\/01\/Slayt1.jpg 960w, https:\/\/karate.at\/meisterschaften\/wp-content\/uploads\/2026\/01\/Slayt1-300x225.jpg 300w, https:\/\/karate.at\/meisterschaften\/wp-content\/uploads\/2026\/01\/Slayt1-768x576.jpg 768w\" sizes=\"(max-width: 800px) 100vw, 800px\" \/>\t\t\t\t\t\t\t\t<\/a>\n\t\t\t\t\t\t\t\t\t\t\t\t\t<\/div>\n\t\t\t\t<\/div>\n\t\t\t\t\t<\/div>\n\t\t<\/div>\n\t\t\t\t\t<\/div>\n\t\t<\/section>\n\t\t\t\t<section class=\"elementor-section elementor-top-section elementor-element elementor-element-5c64de2 elementor-section-boxed elementor-section-height-default elementor-section-height-default\" data-id=\"5c64de2\" data-element_type=\"section\">\n\t\t\t\t\t\t<div class=\"elementor-container elementor-column-gap-default\">\n\t\t\t\t\t<div class=\"elementor-column elementor-col-100 elementor-top-column elementor-element elementor-element-8cbeffc\" data-id=\"8cbeffc\" data-element_type=\"column\">\n\t\t\t<div class=\"elementor-widget-wrap elementor-element-populated\">\n\t\t\t\t\t\t<div class=\"elementor-element elementor-element-89ff445 elementor-widget elementor-widget-text-editor\" data-id=\"89ff445\" data-element_type=\"widget\" data-widget_type=\"text-editor.default\">\n\t\t\t\t<div class=\"elementor-widget-container\">\n\t\t\t\t\t\t\t<p>Die gesamte Veranstaltungsfl\u00e4che befindet sich in g\u00fcnstiger Lage innerhalb des\u00a0<strong data-start=\"79\" data-end=\"130\">Granada Luxury Hotel Antalya Convention Centers<\/strong>. Die Wettkampfhallen, Aufw\u00e4rmbereiche, das Anmelde-Schalter und die Unterbringungsm\u00f6glichkeiten sind alle im selben Komplex untergebracht. Diese Anordnung erm\u00f6glicht es den Athleten und Teams, problemlos zwischen ihren Zimmern, Trainingsbereichen und dem Hauptveranstaltungsbereich zu wechseln, ohne auf Transportmittel angewiesen zu sein. Alles wurde so gestaltet, dass den Teilnehmern eine reibungslose, komfortable und zeiteffiziente Erfahrung geboten wird. Alle wesentlichen Bereiche \u2013 einschlie\u00dflich der Wettkampfhallen, Aufw\u00e4rmzone, des Anmeldeschalters, der Unterbringungsm\u00f6glichkeiten, der Athletenr\u00e4ume und der Essensbereiche \u2013 befinden sich im gleichen Komplex und gew\u00e4hrleisten somit maximalen Komfort f\u00fcr alle Teilnehmer.<\/p><p><strong>Quelle:\u00a0<\/strong><a href=\"https:\/\/skif2026.org\/attendance\/championship-venue\/\">https:\/\/skif2026.org\/attendance\/championship-venue\/<\/a><\/p>\t\t\t\t\t\t<\/div>\n\t\t\t\t<\/div>\n\t\t\t\t<div class=\"elementor-element elementor-element-919ec2c elementor-widget-divider--view-line elementor-widget elementor-widget-divider\" data-id=\"919ec2c\" data-element_type=\"widget\" data-widget_type=\"divider.default\">\n\t\t\t\t<div class=\"elementor-widget-container\">\n\t\t\t\t\t<div class=\"elementor-divider\">\n\t\t\t<span class=\"elementor-divider-separator\">\n\t\t\t\t\t\t<\/span>\n\t\t<\/div>\n\t\t\t\t<\/div>\n\t\t\t\t<\/div>\n\t\t\t\t\t<\/div>\n\t\t<\/div>\n\t\t\t\t\t<\/div>\n\t\t<\/section>\n\t\t\t\t<section class=\"elementor-section elementor-top-section elementor-element elementor-element-a02cc77 elementor-section-boxed elementor-section-height-default elementor-section-height-default\" data-id=\"a02cc77\" data-element_type=\"section\">\n\t\t\t\t\t\t<div class=\"elementor-container elementor-column-gap-default\">\n\t\t\t\t\t<div class=\"elementor-column elementor-col-100 elementor-top-column elementor-element elementor-element-db507f4\" data-id=\"db507f4\" data-element_type=\"column\">\n\t\t\t<div class=\"elementor-widget-wrap elementor-element-populated\">\n\t\t\t\t\t\t<div class=\"elementor-element elementor-element-9444a88 elementor-widget elementor-widget-spacer\" data-id=\"9444a88\" data-element_type=\"widget\" data-widget_type=\"spacer.default\">\n\t\t\t\t<div class=\"elementor-widget-container\">\n\t\t\t\t\t<div class=\"elementor-spacer\">\n\t\t\t<div class=\"elementor-spacer-inner\"><\/div>\n\t\t<\/div>\n\t\t\t\t<\/div>\n\t\t\t\t<\/div>\n\t\t\t\t\t<\/div>\n\t\t<\/div>\n\t\t\t\t\t<\/div>\n\t\t<\/section>\n\t\t\t\t<section class=\"elementor-section elementor-top-section elementor-element elementor-element-cbbb324 elementor-section-boxed elementor-section-height-default elementor-section-height-default\" data-id=\"cbbb324\" data-element_type=\"section\">\n\t\t\t\t\t\t<div class=\"elementor-container elementor-column-gap-default\">\n\t\t\t\t\t<div class=\"elementor-column elementor-col-100 elementor-top-column elementor-element elementor-element-0249500\" data-id=\"0249500\" data-element_type=\"column\">\n\t\t\t<div class=\"elementor-widget-wrap elementor-element-populated\">\n\t\t\t\t\t\t<div class=\"elementor-element elementor-element-7b27423 elementor-widget elementor-widget-spacer\" data-id=\"7b27423\" data-element_type=\"widget\" data-widget_type=\"spacer.default\">\n\t\t\t\t<div class=\"elementor-widget-container\">\n\t\t\t\t\t<div class=\"elementor-spacer\">\n\t\t\t<div class=\"elementor-spacer-inner\"><\/div>\n\t\t<\/div>\n\t\t\t\t<\/div>\n\t\t\t\t<\/div>\n\t\t\t\t\t<\/div>\n\t\t<\/div>\n\t\t\t\t\t<\/div>\n\t\t<\/section>\n\t\t\t\t<\/div>\n\t\t","protected":false},"excerpt":{"rendered":"<p>Antalya, T\u00fcrkei Die heurigen 15. SKIF Weltmeisterschaften werden im t\u00fcrkischen Antalya ausgetragen. Den Link zur offiziellen Website der Veranstaltung findet ihr hier. Die wichtigsten Infos sind ebenso auf\u00a0www.karate.at\/wm2026\u00a0zusammengefasst.\u00a0 Antalya, eine historische und kulturelle Schatzkammer an der t\u00fcrkischen Riviera, ist ein herausragender Austragungsort f\u00fcr internationale Sportevents. Umgeben von den imposanten Taurusbergen und dem klaren Wasser des [&hellip;]<\/p>\n","protected":false},"author":1,"featured_media":0,"parent":2316,"menu_order":0,"comment_status":"closed","ping_status":"closed","template":"","meta":{"footnotes":""},"class_list":["post-2328","page","type-page","status-publish","hentry"],"_links":{"self":[{"href":"https:\/\/karate.at\/meisterschaften\/wp-json\/wp\/v2\/pages\/2328","targetHints":{"allow":["GET"]}}],"collection":[{"href":"https:\/\/karate.at\/meisterschaften\/wp-json\/wp\/v2\/pages"}],"about":[{"href":"https:\/\/karate.at\/meisterschaften\/wp-json\/wp\/v2\/types\/page"}],"author":[{"embeddable":true,"href":"https:\/\/karate.at\/meisterschaften\/wp-json\/wp\/v2\/users\/1"}],"replies":[{"embeddable":true,"href":"https:\/\/karate.at\/meisterschaften\/wp-json\/wp\/v2\/comments?post=2328"}],"version-history":[{"count":25,"href":"https:\/\/karate.at\/meisterschaften\/wp-json\/wp\/v2\/pages\/2328\/revisions"}],"predecessor-version":[{"id":2455,"href":"https:\/\/karate.at\/meisterschaften\/wp-json\/wp\/v2\/pages\/2328\/revisions\/2455"}],"up":[{"embeddable":true,"href":"https:\/\/karate.at\/meisterschaften\/wp-json\/wp\/v2\/pages\/2316"}],"wp:attachment":[{"href":"https:\/\/karate.at\/meisterschaften\/wp-json\/wp\/v2\/media?parent=2328"}],"curies":[{"name":"wp","href":"https:\/\/api.w.org\/{rel}","templated":true}]}}